- 2 = -f, 0 = -3*f - 2*f - 4*t - 8. Suppose -g - 3*w = -27, g + f = -w + 23. What are the prime factors of g?
3, 7
Let q be 198/77 - (-6)/14. Suppose 2*b + q*k = 13 + 30, -b + 34 = 4*k. List the prime factors of b.
2, 7
Suppose 3*y + 2 = 2*l + 293, -3*l = 4*y + 479. Let w = l + 316. List the prime factors of w.
163
Suppose 3*n - 5*x = -0*x + 6, -2*n + 4 = 5*x. Let o(v) = -5*v**n - 3*v**2 + 8*v**2 - v + 34 + v**3. List the prime factors of o(0).
2, 17
Suppose 5*h - 7305 = -5*r, -r = -4*h + 3571 + 2278. What are the prime factors of h?
2, 17, 43
Let j = 41 - 39. Suppose -j*a - 5*f = -372, -a - 4*f + 2*f = -187. What are the prime factors of a?
191
Let o(j) = -2*j**2 - 12*j - 6. Let n be o(-5). Let d be (-1)/((-69)/18 + n). What are the prime factors of 112/21 - d/9?
2, 3
Let r(f) = 2*f - 9. Let j(u) be the third derivative of -u**4/12 - u**3/2 - 5*u**2. Let b be j(-9). List the prime factors of r(b).
3, 7
Let r(k) = -68*k + 310. List the prime factors of r(-19).
2, 3, 89
Suppose -z - z + 914 = 2*k, -z + 5*k + 487 = 0. List the prime factors of z.
2, 3, 7, 11
Let n = 150 + -95. Suppose a - 5 - n = 0. What are the prime factors of a?
2, 3, 5
Let s(i) = -3*i**2 - 3*i + 5. Let c be s(2). Let p = 13 + c. Suppose p = -0*r + 2*r - 80. List the prime factors of r.
2, 5
Suppose -99 = -3*s - 93. Suppose -s*h = -80 - 80. List the prime factors of h.
2, 5
Let g(u) = -4*u + 5. Let r be g(5). Let c be (-74)/5 + 2 + (-3)/15. Let j = c - r. List the prime factors of j.
2
Let w = 7 - 3. Suppose q + 11 = -5*s, 2*s = 2*q + w*s - 2. Suppose q = -p + 24. List the prime factors of p.
2, 5
Suppose 6*c - 17 = 13. What are the prime factors of ((-5)/c)/((-1)/26)?
2, 13
Suppose -g = g - 6. Suppose -g*l - k = l - 9, -2*k - 21 = -5*l. Suppose -4*r = -z + 4 - 119, 0 = r - l*z - 37. What are the prime factors of r?
2, 7
List the prime factors of 0 + 102 - 0*13/(-130).
2, 3, 17
Let j = 69 - 42. Let k = -14 + j. Let m = k + 15. List the prime factors of m.
2, 7
Let i = -13 + 17. What are the prime factors of 119 + (2 - (i - 2))?
7, 17
What are the prime factors of 8344/(-84)*(-3)/2?
149
Let q(z) be the first derivative of -z**4/4 - 2*z**3 + z**2/2 - z - 1. Let m be 1/6*2*(-21 - 0). List the prime factors of q(m).
41
Suppose -3*x = -4*n - 69, -5*n + 83 = 5*x - n. List the prime factors of x.
19
Let g(s) = s**2 + 2*s + 2. Let t be (-13)/4 + 5/20. Let b be g(t). Suppose -4*h + 5*l = -3*h - 15, 4*l + 54 = b*h. List the prime factors of h.
2, 5
Let q(w) be the first derivative of -9*w + 1/4*w**4 - 8 + w**2 + 8/3*w**3. What are the prime factors of q(-7)?
2, 13
Let g(f) = -f**3 + 3*f**2 - 10*f - 6. Let z be g(-6). Suppose z = 2*o - a, -3*o + 598 = 5*a + 31. What are the prime factors of o?
3, 7
Let m be 10 + ((-16)/(-4))/2. Suppose -2*t - i + m = 0, -5*t - 3*i - 2*i = -20. List the prime factors of t.
2
List the prime factors of (-5 + -120)/(1/(-23)).
5, 23
Let y be (1/1)/((-1)/(-177)). Let k = 143 + -138. Suppose k*v + y = 8*v. List the prime factors of v.
59
Let j(s) = s**3 + 5*s**2 + 6*s + 33. Let q be j(-5). Suppose -q*u = -2*y - 1018, -418 + 2073 = 5*u + 5*y. What are the prime factors of u?
2, 3, 7
Suppose 236 = 5*i + 46. Let c = -25 + i. List the prime factors of c.
13
Let q(i) = i**2 + 14*i - 30. Let g be q(-16). Let v(a) = 19*a**3 + 2*a**2 - 2*a - 1. What are the prime factors of v(g)?
5, 31
Let j be 299/9 + ((-28)/(-36) - 1). What are the prime factors of (0 + 12)*781/j?
2, 71
Let a(y) = y + 31. Let h be a(-14). What are the prime factors of (2 + 0)*(h + 0)?
2, 17
Suppose 2*b - 5*b = -15. Suppose -2*y + 359 = 5*w, 4*w - 906 = -b*y - 0*y. What are the prime factors of y?
2, 7, 13
Let t(o) = 3*o + 20. Let f be t(-8). What are the prime factors of f/((-8)/26) - 1 - -1?
13
Suppose 22 = 7*x - 6*x + z, 28 = x + 4*z. List the prime factors of (-6)/(5 - 106/x).
2, 5
Let m be (-3 - -6) + (-1 - -2). Let z be 1 - m/((-8)/54). Suppose 4*r - z = 48. What are the prime factors of r?
19
Suppose 0 = -2*n - 6*p + 3*p + 765, 25 = -5*p. List the prime factors of n.
2, 3, 5, 13
Let y(d) = -d**2 - 22*d - 24. Suppose 2*b + 31 = t, -4 - 81 = 5*b - t. What are the prime factors of y(b)?
2, 3
What are the prime factors of 2/(-6) - 548878/(-183)?
2999
Let k = 34 - -194. What are the prime factors of k?
2, 3, 19
Suppose 1795*y - 1801*y + 576 = 0. What are the prime factors of y?
2, 3
Let f = 926 - -525. List the prime factors of f.
1451
Let o be (-6)/30 - (-267)/(-15). Let i = -16 - o. List the prime factors of 62*(3 - 5/i).
31
List the prime factors of (22/55)/(4/155)*40.
2, 5, 31
Let z(b) = -b**2 + 25*b + 18. What are the prime factors of z(24)?
2, 3, 7
Let n(k) be the third derivative of k**6/120 + 5*k**5/12 + 7*k**4/8 - 8*k**3/3 - 25*k**2. List the prime factors of n(-24).
2, 7
Let t(b) = b**3 + 7*b**2 - 10*b - 9. Let v be t(-8). Let l = -3 + v. Suppose 36 + 12 = l*h. What are the prime factors of h?
2, 3
Suppose -515 = -6*q + 1003. List the prime factors of q.
11, 23
Let w = 71 - -89. What are the prime factors of w?
2, 5
Let n(y) be the third derivative of 5*y**4/24 - 4*y**3/3 + 14*y**2. What are the prime factors of n(10)?
2, 3, 7
Let h = 831 - 643. List the prime factors of h.
2, 47
Let i be -5*(6/(-15) + (-84)/1). Suppose -10*c - i = -1892. What are the prime factors of c?
3, 7
Let p(o) be the third derivative of -o**4/4 + 4*o**3/3 + 8*o**2. What are the prime factors of p(-3)?
2, 13
Let w(g) = -g**3 + 5*g**2 + 6*g + 12. Let b be w(6). Suppose b*j - 310 = 10*j. List the prime factors of j.
5, 31
Suppose 169*w = 176*w - 35. Let u be 7 + -2 + (1 - 3). Suppose 0 = -w*d + u*d + 72. What are the prime factors of d?
2, 3
Let c = -206 + 657. List the prime factors of c.
11, 41
Let o = -18 + 21. Suppose -219 = -p - 2*p + 5*x, 0 = -o*p - x + 237. What are the prime factors of p?
2, 3, 13
List the prime factors of 210/(-6 - (-760)/125).
3, 5, 7
Suppose 4*c + 17 = b, 3*b + 7*c = 3*c - 29. Let v(f) = -1 - 6*f + 4 - 3*f. What are the prime factors of v(b)?
2, 3, 5
Let b(q) = q**3 - 8*q**2 + 10*q - 16. Let v be b(7). Suppose 6*n = v*n + 103. Suppose -3*t + 2*p + n = 0, -2*t - 2*p + 60 = p. What are the prime factors of t?
3, 11
Let d = -1008 - -1622. What are the prime factors of d?
2, 307
What are the prime factors of (7 - 9)*6097/(-26)?
7, 67
Let h(v) = -6*v + 16. Let d be (36/8 - (-3)/(-2)) + -10. List the prime factors of h(d).
2, 29
Let f = -20 - -23. Suppose -f*o + 64 = -92. Let u = o - 3. List the prime factors of u.
7
Let i(f) = 14*f + 30. What are the prime factors of i(26)?
2, 197
Let z(r) = r**3 + 12*r**2 - 15*r + 13. Let x be 228/(-18) + (-1)/3. Let y be z(x). Suppose 1 + y = 2*f. List the prime factors of f.
2, 5
Let p(d) be the second derivative of -5*d**3/3 - 3*d**2 - 13*d. Let j(u) = -u**2 - 8*u + 4. Let h be j(-9). List the prime factors of p(h).
2, 11
Let t = 247 - -497. What are the prime factors of t?
2, 3, 31
Suppose 1 = -4*m + 3*c + 36, 0 = -5*m + 5*c + 50. Suppose -5*x + 4*w = -40, 4*x + m - 46 = 5*w. Suppose x*h - 85 = -h. List the prime factors of h.
17
Suppose -3*b + 15 - 12 = 0. What are the prime factors of (-426)/(-30) - b/5?
2, 7
Let d(f) = -f**3 + 5*f**2 - f - 1. Suppose -m = 2*a - 6*a - 4, -3*m = 3*a - 12. Let b be d(m). Let z(r) = 7*r - 21. What are the prime factors of z(b)?
2, 7
Let o be 6/36 - 795/18. Let j = -27 - o. Suppose -j + 73 = b. List the prime factors of b.
2, 7
Let b = -732 - -1345. What are the prime factors of b?
613
Let r be 214/(-16) + (-42)/(-112). Let x = r - -40. What are the prime factors of x?
3
Suppose -2 + 14 = 2*l. Let y(g) = -l - g + 3*g - g. What are the prime factors of y(8)?
2
Suppose -5*t - 4 = -2*z - 19, -2*z = -2*t. Let s(g) = -6 + 4 - 4 + 3*g**2 + 1 - g. List the prime factors of s(z).
5, 13
Suppose -7*o + 4*o = -333. Let m = o + 57. List the prime factors of m.
2, 3, 7
Suppose -11*d + 3432 = 2*d. List the prime factors of d.
2, 3, 11
Let c(d) = d**3 - 22*d**2 + 55*d + 50. What are the prime factors of c(22)?
2, 3, 5, 7
Suppose -3*h + 0*h = -174. Suppose -h + 580 = 3*b. What are the prime factors of b?
2, 3, 29
List the prime factors of 465/(-1085) - 1/(7/(-7535)).
2, 269
Let y(l) = -13*l - 12. Suppose 3*p - 8*p = 25. List the prime factors of y(p).
53
Let q = 3894 + -1156. What are the prime factors of q?
2, 37
Suppose 0 = g - o - 7